r) = 18 + 17 + 4*r**2 - 38 - 5*r**2 - 9*r. What is the tens digit of t(p)?
1
Let v(x) = x**3 + 20*x**2 - 13*x + 20. Let t be v(-20). Suppose -i + 6*i - t = 0. Suppose -p = 3*p - 4, -2*p + i = q. What is the tens digit of q?
5
Let w = -32 - -36. Suppose -w*c - 5*y = -72 - 143, 315 = 5*c - 3*y. What is the tens digit of c?
6
Suppose 0 = -19*y + 4*y + 7260. What is the tens digit of y?
8
Let l(z) be the second derivative of z**4/12 + z**3 + z**2 + 5*z. Let m be l(-6). Suppose -m*v - 4*q = -4*v + 54, -4*v + 82 = 5*q. What is the tens digit of v?
2
Suppose 2*a - 4*o + 3*o = 1446, 4*a = -3*o + 2872. What is the units digit of a?
1
Let i(v) = 11*v**2 - 4*v + 1. Let y(w) be the first derivative of -11*w**3 + 11*w**2/2 - 3*w + 7. Let c(h) = -8*i(h) - 3*y(h). What is the units digit of c(2)?
3
Let v(n) = -n**3 + 4*n**2 - n. Let d be v(4). Let i be (-25)/d - 7/28. What is the units digit of 66/11*i/4?
9
Let n be -5 + 1 - (-5 + -3). Suppose 4*p + j - n = 7, 1 = -p - j. Suppose p*o + o = 115. What is the units digit of o?
3
Let j be (8/(-10))/((-4)/70). Suppose 30*r = -186 - 174. Let z = r + j. What is the units digit of z?
2
Let l(c) = -5*c + 18. Let t be l(4). Let r(q) = -3*q**3 - 2*q**2 - q + 2. What is the tens digit of r(t)?
2
Suppose -4 = -2*o + 14. Let a be 204/9 - (-3)/o. Suppose -2*f - f - x = -a, -38 = -4*f - 5*x. What is the units digit of f?
7
Let p be (-5 + 10)/(1/(-13)). Let k = -23 - p. What is the tens digit of k?
4
Let l(o) = -54*o + 26. Suppose 6*s + 6 + 12 = 0. What is the tens digit of l(s)?
8
Suppose -5*l + 7 = -2*v + 6*v, -19 = -5*l + 2*v. Suppose -l*t = t - 2*c - 478, 2*t - 233 = -5*c. What is the tens digit of t?
1
Let n = 689 + 691. What is the units digit of n?
0
What is the units digit of (-102)/((-10)/5)*(-12)/(-4)?
3
Suppose -3*g + 3*f + 864 = 0, 0 = 2*f + 9 + 1. What is the hundreds digit of 1 + -2 + (g - 3)?
2
Let i(s) = -5*s + 2. Suppose -4*r + 0*l - 5*l + 7 = 0, -4*l + 5 = 3*r. Suppose -3*n = h + 10, -2*n - 3*h - 18 = r*n. What is the units digit of i(n)?
7
Let m(p) = -p**2 - 3*p + 3. Let a be m(-5). Let n(d) = d**3 + 7*d**2 - 4*d - 9. Let r be n(a). Suppose r = 4*t - 85. What is the units digit of t?
6
Let l(k) = -k + 14. Let h be l(14). Suppose -3*z = -h*z - 438. Let w = z - 96. What is the tens digit of w?
5
Let u(a) = a. Let n be u(4). Let x = 6 - n. What is the tens digit of x*-17*(0 - 1)?
3
Suppose -2*b + 26 = 3*s - 0*s, 5*b - 50 = -5*s. Suppose -4*u - 6 = s, -5*u + 102 = 3*f. What is the units digit of f?
9
Suppose s - 2*g = 2, -5*s + 3*g - 2*g = 35. Let t(d) = -15*d - 26. What is the units digit of t(s)?
4
Let w = 1115 + -329. What is the units digit of w?
6
Suppose -4*n + 100 = 4*w, 0 = 5*n - 5*w - 71 - 44. Let s = n + -39. Let z(a) = -3*a - 18. What is the tens digit of z(s)?
2
What is the tens digit of 132/((2/25)/1)?
5
Let s(l) = -3*l + 5. Let r be s(-5). Let h = 23 - r. Let g = 66 - h. What is the tens digit of g?
6
Suppose -4*c = c + 10, -2*c = -2*b + 14. Suppose 0 = -3*z + 6*z - 3*j - 174, b*j = -2*z + 102. What is the units digit of z?
6
Let p be ((-4)/(-8))/(2/20). Suppose 3*c = -2*g - 62 - 22, p*c = -4*g - 140. Let w = -26 - c. What is the units digit of w?
2
What is the tens digit of ((-2154)/(-3))/(4 - 3)?
1
Suppose -5*y + 2*z = -y - 36, -22 = -3*y + 4*z. Let u = y + -12. What is the units digit of u + 5 - 19/(-1)?
2
Let w = -81 + 157. Let i(o) = 7*o**3 - 2*o**2 + o + 1. Let q be i(2). Let n = w - q. What is the units digit of n?
5
Let z(j) = j**2 + 2*j + 1. Let b be z(-2). Suppose 3*c = -0*c - 45. What is the tens digit of b + ((-3)/1 - c)?
1
Let w(g) = g**2 + 3*g - 5. Let x be w(-5). Suppose 3*h - 4*h + x = 0. Suppose 2*a - h*a = -9. What is the units digit of a?
3
Let b(d) = 2*d + 1. Let m be b(1). Suppose 2*f + 6 = -3*y, 15 = -5*f + 2*y - 5*y. What is the tens digit of 15 + f*(-3)/m?
1
Suppose -32 = -3*a + 4. Suppose 0*s = 4*s + a. What is the tens digit of (99/6)/s*-2?
1
Let x(u) = 379*u**2 + 14*u - 12. What is the hundreds digit of x(1)?
3
Suppose -2*b = -2*n + 16, 2*n = -b + 2 - 1. Suppose -9*a = -n*a. Suppose 3*c - 51 - 132 = a. What is the tens digit of c?
6
Let t(n) = -2*n + 10 - 4*n + n**2 + 5 + n. What is the tens digit of t(13)?
1
Suppose -4 = -3*q - 10, 4*b = 4*q + 28. Let o(s) = -17*s**2 - 24*s**2 + 4*s - 12*s**2 - 2 + 54*s**2. What is the tens digit of o(b)?
4
Let d be (-6)/10 - (-21)/30*-2. Let v = d + 20. What is the tens digit of v?
1
Let w = -40 + 88. Let a = w + 10. What is the units digit of a?
8
Let v = -22 + 32. Let h be v*((-20)/(-8) + -1). Suppose -5*x + 4*c + h = -0*x, -3*x - 2*c = -31. What is the units digit of x?
7
Let n(l) = -l**2 - 16*l + 2. Let v be n(-16). Suppose -v*m - b = 443, -4*m - b - 887 = -0*m. What is the tens digit of ((-4)/6)/(4/m)?
3
Let g(j) = j + 6. Let x(a) = a + 5. Let t(v) = 6*g(v) - 5*x(v). What is the units digit of t(7)?
8
Let b be 16 - 1 - (2 - 6). Let y = 13 - b. What is the tens digit of (-336)/(-9) - (-2)/y?
3
Suppose 5*w - 24*q + 25*q = 15620, -3*w + 5*q + 9344 = 0. What is the tens digit of w?
2
Suppose 4*s - 5*s - 3*c - 1 = 0, -2*c + 16 = 4*s. Suppose -5*r - 2*w + 0 - s = 0, 3*r - 11 = -4*w. What is the tens digit of (-3)/(r - 0)*19?
1
Let n(p) = -4*p - 16. Let f be n(-5). Suppose 0 = 5*g - f*g - 32. What is the tens digit of g?
3
Suppose 3*s - 9 = -0*s - 5*n, 3*n = 4*s - 12. Suppose 0 = s*r + r - 216. Suppose r = 3*q - 27. What is the tens digit of q?
2
Suppose -v = 5*t + 3, -v + 60 = 3*v + 2*t. Suppose 20*m - 15 = v*m. What is the units digit of m?
5
Suppose 5*v - 123 - 102 = 0. Suppose 4*d = -0*p + 3*p + 128, -d + v = -4*p. What is the units digit of d?
9
Let d(w) = w**2 - 5*w - 9. Let z(v) = v**3 + 5*v**2 - 3*v + 14. Let h be z(-6). What is the tens digit of d(h)?
2
Suppose 4*y - 1016 = -5*j, -y + j + 247 = 4*j. What is the tens digit of y?
5
Let n = -634 - -1022. What is the hundreds digit of n?
3
What is the tens digit of (-4)/(-16) + -1*46235/(-20)?
1
What is the units digit of 27 - -2570 - (0 - -1)?
6
Let w = -548 - -1062. What is the units digit of w?
4
Suppose 0 = -0*p + 5*p - 10. Suppose 0 = 3*f - b + 3 + 1, -4*b = -3*f - 16. Suppose -p*r - r + 69 = f. What is the tens digit of r?
2
What is the thousands digit of 461/(-3)*(-240)/10?
3
What is the tens digit of (129 + -3)/(-6)*-15?
1
Suppose 4*l - 2949 = 1351. What is the units digit of l?
5
Suppose -4*n + 67 = 5*g, -21 = -4*g - n + 26. Let x = g - 9. Suppose -v - 2*v + 5*u + x = 0, 0 = 5*u - 10. What is the units digit of v?
4
Let w be (6/(-3))/(6/39). Let z = w - -36. Suppose -i = -12 - z. What is the units digit of i?
5
Let p = -4094 - -6970. What is the tens digit of p?
7
Let d(s) be the second derivative of -s**5/20 + 3*s**4/2 - 17*s**3/6 + s**2 + 24*s. What is the tens digit of d(16)?
4
Suppose 0 = -5*l + 5*o + 9413 - 48, 0 = l + 3*o - 1861. What is the units digit of l?
0
Let t = 71 + -68. Suppose -6*c + t*c + 12 = 0, 3*n - 452 = 4*c. What is the hundreds digit of n?
1
Suppose -700 = -3*x - 2*r + 637, 25 = -5*r. What is the tens digit of x?
4
Suppose -4*q - 2*a = -2152, 18*q - 14*q + 4*a = 2160. What is the tens digit of q?
3
Suppose 4*z = -4*a + 84 + 724, -2*a + 5*z = -404. What is the tens digit of a?
0
Let b(t) = 17*t**3 - 7*t**2 - 7*t + 12. Let q be b(6). What is the hundreds digit of 1/(-2) - q/(-20)?
1
Let j(g) = -g**3 + 13*g**2 + 2*g + 4. Let h be j(8). Let s = h - 224. Let w = s - 78. What is the tens digit of w?
3
What is the thousands digit of (4725/300)/(2/384)?
3
What is the units digit of (88689/(-564))/(3/4 - 1)?
9
Let z(x) = 267*x - 472. What is the tens digit of z(10)?
9
Let n(t) = 3*t - 26. Let o be n(14). Let w = o - -58. What is the tens digit of w?
7
Suppose -5*z = -6*z + 5*w + 1936, -z + 2*w = -1945. What is the hundreds digit of z?
9
Let d = 815 - 603. What is the tens digit of d?
1
Let y(k) = -7*k - 15. Let p(t) = 21*t + 45. Let z(u) = 3*p(u) + 8*y(u). What is the tens digit of z(20)?
5
What is the units digit of ((-39)/117)/(2/(-984))?
4
Suppose 4*w - 616 = -3*j, -2*w + 1080 = 5*j - 6*w. What is the units digit of j?
2
Let c be 6*3*200/(-36). Let p = 127 - c. What is the hundreds digit of p?
2
Let s(q) = q**2 - 5*q + 3*q - 5 + 0*q. Let o be ((84/35)/3)/(4/30). What is the tens digit of s(o)?
1
Suppose w - 5539 = -3*b, 2*w = 5*b - 2*w - 9226. What is